+ t**2. Let l be i(10). What is the remainder when (-52)/(-3)*(0 - l) is divided by 18?
16
Suppose 2*i = 199 + 13. Calculate the remainder when i is divided by 37.
32
Let c = 8 - 8. Suppose l + 2*l - 105 = c. Calculate the remainder when l is divided by 12.
11
Let i(f) = -f**3 - 19*f**2 - 20*f - 31. What is the remainder when 16 is divided by i(-18)?
1
Let k = -3 - -7. Suppose -d - k = d. What is the remainder when 0 - d - 1*-23 is divided by 9?
7
Suppose -2*j + 14 = 2*l, 0*j + l + 15 = j. What is the remainder when j is divided by 5?
1
Suppose 5*p - x - 40 = -2*x, 3*x + 15 = 0. Let v(h) = h**2 - 9*h + 13. Let w be v(p). Calculate the remainder when (-7 - -1)*w/(-3) is divided by 9.
8
Suppose 2*n = 5 - 1. Suppose -12 + 74 = n*r. Suppose 3*b = -3*s + 45, -2*s = 4*b + 4 - 32. What is the remainder when r is divided by s?
15
Suppose 0 = 2*u - 22 + 6. What is the remainder when 14 is divided by u?
6
Suppose 5 = 4*a - 27. Suppose v - 2*j - a = 0, 5*j - j + 32 = 3*v. Let u = v - -2. What is the remainder when 52 is divided by u?
16
Suppose 1 + 19 = -5*v. Let a(p) = -p**3 - 4*p**2 - 2*p + 1. Calculate the remainder when a(v) is divided by 6.
3
Calculate the remainder when 39 is divided by (80/28)/(6/21).
9
Let c(z) = -5*z - 8. Let f(h) = h - 13. Let p be f(6). What is the remainder when 53 is divided by c(p)?
26
Let y = 69 - 50. Calculate the remainder when 72 is divided by y.
15
Let j = 38 - 21. What is the remainder when 45 is divided by j?
11
Suppose -2*n + 4*u = n - 94, -5*u = 4*n - 146. Calculate the remainder when n is divided by 9.
7
Let w = 3 + -1. Suppose -w*r + 24 = 2*r. Suppose -r + 36 = 3*y. What is the remainder when 19 is divided by y?
9
Let w(z) = -z + 25. Calculate the remainder when 67 is divided by w(8).
16
Let q(c) = -c**2 - 9*c - 6. Calculate the remainder when 20 is divided by q(-7).
4
Let z(s) = -46*s. What is the remainder when z(-1) is divided by 17?
12
Suppose -3*c + 51 = -x - 4*x, 4*x = -c. Suppose -2*b - 3*d + 76 = -0*b, -6 = -3*d. What is the remainder when b is divided by c?
11
Calculate the remainder when 1 + (-2 - (-364)/4) is divided by 23.
21
Let j(f) = f**3 + 14*f**2 + 13*f + 4. Calculate the remainder when 12 is divided by j(-13).
0
Suppose 3*h - 22 = h. Suppose -6 = 4*t + 2. Let p(l) = -10*l + 1. Calculate the remainder when p(t) is divided by h.
10
Calculate the remainder when 58 + -2 + 1 + -1 is divided by 19.
18
Suppose 2*w - 14 = 8. Let p = w + -9. Calculate the remainder when p is divided by (-40)/(-18) + (-2)/9.
0
Suppose -4*h + 19 = -3*t + 59, 3*t = 2*h + 32. Let c = 11 - t. Suppose -o = 4*v - 108, 7*o = -c*v + 2*o + 98. What is the remainder when v is divided by 14?
12
Let z(w) = -3*w**3 + w**2 - 2*w. Let p be z(-3). Suppose 0*t + p = 4*t. What is the remainder when t is divided by 13?
11
Let i(n) = n**3 + 7*n**2 - 4*n + 4. Suppose -3*r + 0*r - 1 = -2*k, 3*r = -4*k - 25. What is the remainder when i(k) is divided by 23?
22
Let t(u) = 5*u - 20. What is the remainder when 37 is divided by t(6)?
7
Suppose 4*n - 42 = 6. Suppose -3*c - 4*k + 10 = -13, -c = -3*k - n. Calculate the remainder when 25 is divided by c.
7
Let v = -32 + 9. Let l = v + 55. Calculate the remainder when l is divided by 17.
15
Let j(z) = -4*z + 1 + 0 - 5. Let m be j(8). Calculate the remainder when 34 is divided by (m/(-8))/((-6)/(-16)).
10
Suppose -6*c + c + 30 = 0. Calculate the remainder when 11 is divided by c.
5
Let k = 23 - 14. What is the remainder when 32 is divided by k?
5
Let r = -22 + 25. What is the remainder when -2*(-2)/2 + 9 is divided by r?
2
Let u = -3 - -5. Suppose 2*a + a = 2*m + u, -4*a = -4*m. Calculate the remainder when 3 is divided by m.
1
Suppose -2*u + 39 + 13 = 0. Let d = -14 + u. What is the remainder when 35 is divided by d?
11
Let h = -29 - -39. Suppose 0*t = -3*v - 2*t + 116, -3*v + 117 = 3*t. What is the remainder when v is divided by h?
8
Let f(h) = h**3 - 5*h**2 - 2*h + 1. What is the remainder when 122 is divided by f(6)?
22
Suppose -194 = -2*b - 68. What is the remainder when b is divided by (-18 + 3)/((-3)/3) + 1?
15
Let r be (-1 - -1)*4/12. Suppose r*v + 4*k - 59 = -3*v, -44 = -3*v - k. Let i = 11 + 26. What is the remainder when i is divided by v?
11
Let i = -139 - -148. What is the remainder when 35 is divided by i?
8
Suppose 6*z - z - 1410 = -5*k, -273 = -k + 2*z. Calculate the remainder when (-4)/14 - k/(-21) is divided by 4.
1
Suppose -7*u = -3*n - 2*u + 8, 3*u = -3*n + 24. Suppose 0 = 4*g - n*g + 20. Suppose 9 + 75 = 3*b. Calculate the remainder when b is divided by g.
8
Let h = -7 + 27. What is the remainder when h is divided by 75/7 + (-4)/(-14)?
9
Let b = 7 - 3. Suppose -2*u - i = -0*u - 52, -b*u - 4*i + 112 = 0. Let s = u - 10. What is the remainder when 40 is divided by s?
12
Let p(a) = -2*a**3 - a**2 + 6*a + 6. Calculate the remainder when p(-3) is divided by 9.
6
Let t(k) = 2*k**3 - k + 1. Let h = -37 - -24. Let g = -10 - h. What is the remainder when g is divided by t(1)?
1
Suppose 4*x - 5*k - 193 = 0, -32 = -x + 5*k + 20. Calculate the remainder when x is divided by 12.
11
Suppose 0 = -5*k - 3*a + 79, 0 = 2*k - 3*a - 2*a - 13. What is the remainder when k is divided by (20/(-6))/((-4)/6)?
4
Let o = 5 - 0. Suppose 6 + o = q. Calculate the remainder when 20 is divided by q.
9
Suppose 0 = 3*y - 2*l - 43, 2*y - 17 = -0*y - l. Let h(r) = 6*r + 1. Calculate the remainder when h(5) is divided by y.
9
Suppose 6*s = 2*s + 48. Let o(j) = -j**2 - 17*j + 18. What is the remainder when o(-16) is divided by s?
10
Let q = -38 - -23. Let k(g) = -g - 10. Let m be k(-7). What is the remainder when 5 + m - q/1 is divided by 6?
5
Let a = 82 + -49. What is the remainder when a is divided by 17?
16
Suppose -5*q - 5*p = -590, 5*p + 15 - 379 = -3*q. Let o(z) = -z**3 + 14*z**2 - 10*z - 10. What is the remainder when q is divided by o(13)?
26
Let k = 7 - -9. Suppose 0 = -d + 2*d - 82. Let b = -51 + d. Calculate the remainder when b is divided by k.
15
Let w(v) = 2*v - 3. Let f be w(3). Suppose -10 = -2*s, -2*q - f*s + s = -16. Calculate the remainder when 14 is divided by 12/(-10)*(-10)/q.
2
Let b = 3 + 5. Let s(o) = -83*o - 7. Let p be s(-4). Suppose p = 5*t - 5*w, 4*w - b*w = 0. What is the remainder when t is divided by 22?
21
Let b be 1/((-15)/(-6))*5. Suppose -2*s - 2*w = -46, 0*w = -w + b. Calculate the remainder when 41 is divided by s.
20
Let n be (-7)/(-2)*4/7. What is the remainder when 17 is divided by (5/n)/(1/2)?
2
Let u = 14 - -1. What is the remainder when u is divided by 6?
3
Suppose 4*y = 3*c + 51, y + 2*c = 4*y - 39. What is the remainder when 44 is divided by y?
14
Let i be 64/28 + (-4)/14. Let g(s) = 2*s + i*s - 5 - 3*s. What is the remainder when 1 is divided by g(6)?
0
Let a = 11 + 7. Calculate the remainder when a is divided by 10.
8
Suppose -4*z + 2*z = -10. Let v = -5 + 8. Calculate the remainder when z is divided by v.
2
Suppose 3*c + 2*l = -0*c + 290, -6 = 3*l. What is the remainder when c is divided by 33?
32
Let a = 40 - 27. What is the remainder when a is divided by 3 + 3/(-1 + 4)?
1
Suppose -2*i = 0, 0 = 3*p - 3*i + 6 - 57. What is the remainder when p is divided by 5?
2
Suppose 4*w + 27 = 7. Let u = 5 - w. Let r(p) = p**3 - 3*p**2 + 4*p - 3. What is the remainder when r(4) is divided by u?
9
Let a(z) = z**2 + z - 6. Let k be a(5). Suppose 0 = 3*j - 2*s + 22, -4*j - k = -3*j - 4*s. What is the remainder when (2 + 3)*j/(-10) is divided by 2?
0
Let j = 6 - 3. Suppose 0 = -3*v + j*r + 81, -4*v + 2*r + 28 = -3*v. Let x = v - 15. Calculate the remainder when 21 is divided by x.
10
Suppose 4*u + i = 4 - 0, 0 = 5*u - 5*i + 20. Suppose u*g - g = -33. Let a = g - -8. What is the remainder when a is divided by 21?
20
Let m = 18 - 5. Suppose 4*k - 5*y - 176 = 0, 3*y + 25 = k - 12. Calculate the remainder when k is divided by m.
10
Let a(h) = -h**3 - 5*h**2 + h - 4. Let p(m) = 2*m**2 - 22*m - 15. What is the remainder when a(-6) is divided by p(12)?
8
Suppose 3*m - 60 = -3. Calculate the remainder when m is divided by 7.
5
Suppose -3*j + 0*j + 19 = -a, 0 = -5*a + 4*j - 51. Calculate the remainder when -11*(a + 5 + -1) is divided by 9.
6
Let t = 29 + -8. What is the remainder when t is divided by 4?
1
Let b(d) = -5 - 4*d**3 + 3*d**3 - 7*d**2 + 4*d + 3. What is the remainder when b(-8) is di